{"id":113,"date":"2018-01-15T14:05:03","date_gmt":"2018-01-15T14:05:03","guid":{"rendered":"http:\/\/127.0.0.1\/altisk\/?page_id=113"},"modified":"2024-11-14T10:35:32","modified_gmt":"2024-11-14T10:35:32","slug":"tortenetunk","status":"publish","type":"page","link":"https:\/\/altisk-mlak.edu.hu\/index.php\/tortenetunk\/","title":{"rendered":"T\u00f6rt\u00e9net\u00fcnk"},"content":{"rendered":"<p style=\"text-align: justify;\">A magyarlaki, cs\u00f6r\u00f6tneki als\u00f3 tagozatos gyerekek n\u00e9h\u00e1ny \u00e9vtizeddel ezel\u0151tt m\u00e9g a saj\u00e1t telep\u00fcl\u00e9s\u00fck\u00f6n osztott vagy r\u00e9szben osztott oszt\u00e1lyokban tanultak, a fels\u0151s\u00f6k egy helyre, Cs\u00f6r\u00f6tnekre j\u00e1rtak iskol\u00e1ba.<\/p>\n<p style=\"text-align: justify;\">Az 1970-es esztend\u0151ben fel\u00e9p\u00edtett \u00f6t tantermes iskola lehet\u0151v\u00e9 tette, hogy ett\u0151l kezdve napjainkig az int\u00e9zm\u00e9ny k\u00f6rzeti szerepet t\u00f6lt be. A rendszerv\u00e1lt\u00e1sig \u00e9s azt k\u00f6vet\u0151en 3 \u00e9vig az elnevez\u00e9se \u201eCs\u00f6r\u00f6tneki K\u00f6rzeti \u00c1ltal\u00e1nos Iskola\u201d is ezt t\u00fckr\u00f6zte. A n\u00e9v az Iskolasz\u00e9k javaslata alapj\u00e1n lett \u201eCs\u00f6r\u00f6tnek \u00e9s Magyarlak \u00c1ltal\u00e1nos Iskol\u00e1ja\u201d. Sz\u00e9khelye \u00e9s gesztor \u00f6nkorm\u00e1nyzata 1996-t\u00f3l Magyarlak.<\/p>\n<p style=\"text-align: justify;\">Az 1997\/98-as tan\u00e9vt\u0151l az als\u00f3 tagozatosok is a k\u00f6zponti \u00e9p\u00fcletben kialak\u00edtott sz\u00fcks\u00e9g tantermekben kezdt\u00e9k meg a tanulm\u00e1nyaikat. A fenntart\u00f3k c\u00e9lja ett\u0151l kezdve az, hogy \u00fajabb tantermek \u00e9p\u00edt\u00e9s\u00e9vel jav\u00edtsanak a mostani, nem \u00e9ppen szerencs\u00e9s helyzeten.<\/p>\n<p style=\"text-align: justify;\">Az int\u00e9zm\u00e9ny \u00e9let\u00e9ben a 2003-as \u00e9v hozott \u00fajabb v\u00e1ltoz\u00e1st. Magyarlak, Cs\u00f6r\u00f6tnek \u00e9s Kondorfa k\u00e9pvisel\u0151-test\u00fcleteinek d\u00f6nt\u00e9se alapj\u00e1n a kondorfai als\u00f3 tagozatosok \u00e9s \u00f3vod\u00e1sok iskol\u00e1nkhoz ker\u00fcltek. K\u00f6z\u00f6s igazgat\u00e1s\u00fa int\u00e9zm\u00e9ny j\u00f6tt l\u00e9tre. A sz\u00e9khelye tov\u00e1bbra is Magyarlak volt \u00e9s Kondorf\u00e1n k\u00e9t telephellyel rendelkezett. A kondorfai als\u00f3 tagozaton \u00f6sszevont oszt\u00e1lyokban folyt az oktat\u00f3-nevel\u0151munka.<\/p>\n<p style=\"text-align: justify;\">2004. augusztusban a h\u00e1rom fenntart\u00f3 \u00f6nkorm\u00e1nyzat k\u00e9pvisel\u0151-test\u00fcleteinek hat\u00e1rozat\u00e1val int\u00e9zm\u00e9ny\u00fcnk az addig Cs\u00f6r\u00f6tneken \u00e9s Magyarlakon m\u0171k\u00f6d\u0151 \u00f3vod\u00e1kkal, a Cs\u00f6r\u00f6tneken \u00e9s Kondorf\u00e1n l\u00e9v\u0151 f\u0151z\u0151konyh\u00e1kkal b\u0151v\u00fclt. A h\u00e1rom telephelyen m\u0171k\u00f6d\u0151 \u00f3voda \/Cs\u00f6r\u00f6tnek, Magyarlak, Kondorfa\/ egy int\u00e9zm\u00e9nyegys\u00e9get alkot.<\/p>\n<p style=\"text-align: justify;\">2005-ben megsz\u0171nt az int\u00e9zm\u00e9ny kondorfai \u00e1ltal\u00e1nos iskolai telephelye.<\/p>\n<p style=\"text-align: justify;\">2007-ben bez\u00e1rt\u00e1k a kondorfai \u00f3vodai telephelyet is, a konyha pedig \u00e1tker\u00fclt a fenntart\u00f3 \u00f6nkorm\u00e1nyzathoz.<\/p>\n<p style=\"text-align: justify;\">2009. j\u00falius 1-je hozta a legnagyobb v\u00e1ltoz\u00e1st iskol\u00e1nk \u00e9let\u00e9ben, hiszen a Szentgotth\u00e1rd \u00e9s Kist\u00e9rs\u00e9ge \u00d3voda, \u00c1ltal\u00e1nos Iskola, Gimn\u00e1zium \u00e9s Alapfok\u00fa M\u0171v\u00e9szetoktat\u00e1si Int\u00e9zm\u00e9ny (SZOI) tagint\u00e9zm\u00e9nye lett. Megsz\u0171nt \u00f6n\u00e1ll\u00f3s\u00e1gunk, de biztos\u00edtott\u00e1 v\u00e1lt, hogy hossz\u00fa t\u00e1von nyolc \u00e9vfolyamos \u00e1ltal\u00e1nos iskolai nevel\u00e9st-oktat\u00e1st v\u00e9gz\u0151 int\u00e9zm\u00e9nyk\u00e9nt m\u0171k\u00f6dj\u00fcnk.<\/p>\n<p style=\"text-align: justify;\">2013. janu\u00e1r 1-j\u00e9t\u0151l a Klebelsberg Int\u00e9zm\u00e9nyfenntart\u00f3 K\u00f6zpont volt iskol\u00e1nk fenntart\u00f3ja \u00e9s m\u0171k\u00f6dtet\u0151je, a Szentgotth\u00e1rdi Tanker\u00fclet egyik int\u00e9zm\u00e9nye voltunk.<\/p>\n<p style=\"text-align: justify;\">2013\/2014-es tan\u00e9vt\u0151l tagint\u00e9zm\u00e9ny\u00fcnk \u00d6koiskolai c\u00edmmel rendelkezik.<\/p>\n<p style=\"text-align: justify;\">2017. janu\u00e1r 1-j\u00e9t\u0151l a Szombathelyi Tanker\u00fcleti K\u00f6zponthoz tartozunk.<\/p>\n<h2>T\u00f6rt\u00e9net\u00fcnk fontosabb esem\u00e9nyei<\/h2>\n<table style=\"width: 100%; height: 392px;\">\n<tbody>\n<tr style=\"height: 28px;\">\n<td style=\"height: 28px;\">1970.<\/td>\n<td style=\"text-align: justify; height: 28px;\">Fel\u00e9p\u00fcl az \u00f6t tantermes iskola, a Cs\u00f6r\u00f6tneki K\u00f6rzeti \u00c1ltal\u00e1nos Iskola fels\u0151 tagozatos tanul\u00f3i egy helyen kezdi meg az \u00e1ltal\u00e1nos iskolai k\u00e9pz\u00e9st.<\/td>\n<\/tr>\n<tr style=\"height: 28px;\">\n<td style=\"height: 28px;\">1992.<\/td>\n<td style=\"text-align: justify; height: 28px;\">Az int\u00e9zm\u00e9ny neve megv\u00e1ltozik Cs\u00f6r\u00f6tnek \u00e9s Magyarlak \u00c1ltal\u00e1nos Iskol\u00e1ja n\u00e9vre.<\/td>\n<\/tr>\n<tr style=\"height: 28px;\">\n<td style=\"height: 28px;\">1996.<\/td>\n<td style=\"text-align: justify; height: 28px;\">Magyarlak lesz az int\u00e9zm\u00e9ny gesztor \u00f6nkorm\u00e1nyzata.<\/td>\n<\/tr>\n<tr style=\"height: 28px;\">\n<td style=\"height: 28px;\">1998.<\/td>\n<td style=\"text-align: justify; height: 28px;\">Az als\u00f3 tagozat k\u00e9t-k\u00e9t oszt\u00e1lya \u00e1tker\u00fcl a k\u00f6zponti \u00e9p\u00fcletbe.<\/td>\n<\/tr>\n<tr style=\"height: 28px;\">\n<td style=\"height: 28px;\">2003.<\/td>\n<td style=\"text-align: justify; height: 28px;\">A kondorfai als\u00f3 tagozatos iskola \u00e9s \u00f3voda az iskol\u00e1hoz ker\u00fcl, k\u00f6z\u00f6s igazgat\u00e1s\u00fa int\u00e9zm\u00e9ny j\u00f6n l\u00e9tre.<\/td>\n<\/tr>\n<tr style=\"height: 28px;\">\n<td style=\"height: 28px;\">2004.<\/td>\n<td style=\"text-align: justify; height: 28px;\">A cs\u00f6r\u00f6tneki \u00e9s magyarlaki \u00f3vod\u00e1kkal \u00e9s a cs\u00f6r\u00f6tneki \u00e9s kondorfai f\u0151z\u0151konyh\u00e1kkal b\u0151v\u00fcl az int\u00e9zm\u00e9ny.<\/td>\n<\/tr>\n<tr style=\"height: 28px;\">\n<td style=\"height: 28px;\">2005.<\/td>\n<td style=\"text-align: justify; height: 28px;\">Megsz\u0171nik az int\u00e9zm\u00e9ny kondorfai \u00e1ltal\u00e1nos iskolai telephelye.<\/td>\n<\/tr>\n<tr style=\"height: 28px;\">\n<td style=\"height: 28px;\">2007.<\/td>\n<td style=\"text-align: justify; height: 28px;\">Az int\u00e9zm\u00e9ny \u00faj neve: Magyarlak- Cs\u00f6r\u00f6tnek \u00c1ltal\u00e1nos Iskola \u00e9s \u00d3voda. Megsz\u0171nik az int\u00e9zm\u00e9ny kondorfai \u00f3vodai telephelye \u00e9s a konyha \u00e1tker\u00fcl a fenntart\u00f3 \u00f6nkorm\u00e1nyzathoz.<\/td>\n<\/tr>\n<tr style=\"height: 28px;\">\n<td style=\"height: 28px;\">2009.<\/td>\n<td style=\"text-align: justify; height: 28px;\">Az int\u00e9zm\u00e9ny a SZOI tagint\u00e9zm\u00e9nyek\u00e9nt m\u0171k\u00f6dik tov\u00e1bb.<\/td>\n<\/tr>\n<tr style=\"height: 28px;\">\n<td style=\"height: 28px;\">2013.<\/td>\n<td style=\"text-align: justify; height: 28px;\">A Klebelsberg Int\u00e9zm\u00e9nyfenntart\u00f3 K\u00f6zpont iskol\u00e1nk fenntart\u00f3ja \u00e9s m\u0171k\u00f6dtet\u0151je, a Szentgotth\u00e1rdi Tanker\u00fclethez tartozunk.<\/td>\n<\/tr>\n<tr style=\"height: 28px;\">\n<td style=\"height: 28px;\">2013.<\/td>\n<td style=\"text-align: justify; height: 28px;\">Tagint\u00e9zm\u00e9ny\u00fcnk \u00d6koiskolai c\u00edmet kap.<\/td>\n<\/tr>\n<tr style=\"height: 28px;\">\n<td style=\"height: 28px;\">2017.<\/td>\n<td style=\"text-align: justify; height: 28px;\">A Szombathelyi Tanker\u00fcleti K\u00f6zpont a fenntart\u00f3 \u00e9s m\u0171k\u00f6dtet\u0151.<\/td>\n<\/tr>\n<tr style=\"height: 28px;\">\n<td style=\"height: 28px;\">2017.<\/td>\n<td style=\"text-align: justify; height: 28px;\">M\u00e1sodik alkalommal is \u00d6koiskolai c\u00edmet nyer\u00fcnk.<\/td>\n<\/tr>\n<\/tbody>\n<\/table>\n\n\n<p>2017-t\u0151l a r\u00e1bagyarmati iskola a tagint\u00e9zm\u00e9ny telephelye lett.<br>2018-ban jelent\u0151sebb fel\u00faj\u00edt\u00e1son esett \u00e1t az \u00e9p\u00fclet, h\u0151szigetel\u00e9s, f\u0171t\u00e9skorszer\u0171s\u00edt\u00e9s, ny\u00edl\u00e1sz\u00e1r\u00f3csere<br>t\u00f6rt\u00e9nt, tov\u00e1bb\u00e1 napelemek ker\u00fcltek felhelyez\u00e9sre.<br>2020-t\u00f3l \u00d6r\u00f6k\u00f6s \u00d6koiskola c\u00edmmel b\u00edrunk.<br>2021 szeptember\u00e9t\u0151l az iskola fenntart\u00f3ja a Szombathelyi Egyh\u00e1zmegye. Az \u00faj fenntart\u00f3nak<br>k\u00f6sz\u00f6nhet\u0151en tov\u00e1bb sz\u00e9p\u00fcl az iskola\u00e9p\u00fclet tanteremr\u0151l tanteremre.<br>2022-ben j\u00e1tsz\u00f3t\u00e9r l\u00e9tes\u00fclt, az informatikai infrastrukt\u00fara folyamatosan b\u0151v\u00fcl, korszer\u0171 szeml\u00e9ltet\u0151<br>eszk\u00f6z\u00f6k beszerz\u00e9s\u00e9re ny\u00edlt lehet\u0151s\u00e9g\u00fcnk.<br>2023-2024-ben tov\u00e1bbi tantermek \u00fajultak meg, digit\u00e1lis panelekkel \u00e9s nevel\u00e9st-oktat\u00e1st seg\u00edt\u0151<br>eszk\u00f6z\u00f6kkel b\u0151v\u00fclt\u00fcnk.<\/p>\n\n\n","protected":false},"excerpt":{"rendered":"<p>A magyarlaki, cs\u00f6r\u00f6tneki als\u00f3 tagozatos gyerekek n\u00e9h\u00e1ny \u00e9vtizeddel ezel\u0151tt m\u00e9g a saj\u00e1t telep\u00fcl\u00e9s\u00fck\u00f6n osztott vagy r\u00e9szben osztott oszt\u00e1lyokban tanultak, a fels\u0151s\u00f6k egy helyre, Cs\u00f6r\u00f6tnekre j\u00e1rtak iskol\u00e1ba. Az 1970-es esztend\u0151ben fel\u00e9p\u00edtett \u00f6t tantermes<a class=\"moretag\" href=\"https:\/\/altisk-mlak.edu.hu\/index.php\/tortenetunk\/\">Read More&#8230;<\/a><\/p>\n","protected":false},"author":1,"featured_media":0,"parent":0,"menu_order":0,"comment_status":"closed","ping_status":"closed","template":"","meta":{"two_page_speed":[],"footnotes":""},"class_list":["post-113","page","type-page","status-publish","hentry"],"_links":{"self":[{"href":"https:\/\/altisk-mlak.edu.hu\/index.php\/wp-json\/wp\/v2\/pages\/113","targetHints":{"allow":["GET"]}}],"collection":[{"href":"https:\/\/altisk-mlak.edu.hu\/index.php\/wp-json\/wp\/v2\/pages"}],"about":[{"href":"https:\/\/altisk-mlak.edu.hu\/index.php\/wp-json\/wp\/v2\/types\/page"}],"author":[{"embeddable":true,"href":"https:\/\/altisk-mlak.edu.hu\/index.php\/wp-json\/wp\/v2\/users\/1"}],"replies":[{"embeddable":true,"href":"https:\/\/altisk-mlak.edu.hu\/index.php\/wp-json\/wp\/v2\/comments?post=113"}],"version-history":[{"count":8,"href":"https:\/\/altisk-mlak.edu.hu\/index.php\/wp-json\/wp\/v2\/pages\/113\/revisions"}],"predecessor-version":[{"id":2712,"href":"https:\/\/altisk-mlak.edu.hu\/index.php\/wp-json\/wp\/v2\/pages\/113\/revisions\/2712"}],"wp:attachment":[{"href":"https:\/\/altisk-mlak.edu.hu\/index.php\/wp-json\/wp\/v2\/media?parent=113"}],"curies":[{"name":"wp","href":"https:\/\/api.w.org\/{rel}","templated":true}]}}