{"id":117,"date":"2018-01-15T14:05:04","date_gmt":"2018-01-15T14:05:04","guid":{"rendered":"http:\/\/127.0.0.1\/altisk\/?page_id=117"},"modified":"2018-01-20T02:09:02","modified_gmt":"2018-01-20T02:09:02","slug":"alapitvanyunk","status":"publish","type":"page","link":"https:\/\/altisk-mlak.edu.hu\/index.php\/alapitvanyunk\/","title":{"rendered":"Alap\u00edtv\u00e1nyunk"},"content":{"rendered":"<div class=\"article-body\">\n<p style=\"text-align: justify;\">A Magyarlak-Cs\u00f6r\u00f6tnek \u00c1ltal\u00e1nos Iskol\u00e1ja alap\u00edtv\u00e1ny\u00e1t 1999-ben Cs\u00f6r\u00f6tnek \u00e9s Magyarlak K\u00f6zs\u00e9gek \u00d6nkorm\u00e1nyzata hozta l\u00e9tre.\u00a0 A k\u00f6zalap\u00edtv\u00e1ny az\u00f3ta folyamatosan m\u0171k\u00f6dik az alap\u00edt\u00f3 okirat c\u00e9ljainak megfelel\u0151en.\u00a0 Kiemelt c\u00e9lja az oktat\u00e1s felt\u00e9teleinek jav\u00edt\u00e1sa, az oktat\u00f3-nevel\u0151 munka t\u00e1mogat\u00e1sa \u00e9s a j\u00f3 eredm\u00e9nyt el\u00e9r\u0151 tanul\u00f3k jutalmaz\u00e1sa.<\/p>\n<p style=\"text-align: justify;\"><span style=\"text-decoration: underline;\">Az elm\u00falt id\u0151szakban:<\/span><\/p>\n<ul style=\"text-align: justify;\">\n<li>\u00e9vente sor ker\u00fclt a jeles \u00e9s kit\u0171n\u0151 tanul\u00f3k teljes\u00edtm\u00e9ny\u00e9nek jutalomk\u00f6nyvvel val\u00f3 elismer\u00e9s\u00e9re,<\/li>\n<li>a 8. oszt\u00e1lyt v\u00e9gzettek k\u00f6z\u00e9piskolai beiskol\u00e1z\u00e1si t\u00e1mogat\u00e1s\u00e1ra az iskolavezet\u00e9s aj\u00e1nl\u00e1sa alapj\u00e1n,<\/li>\n<li>t\u00e1mogatott az alap\u00edtv\u00e1ny a kurat\u00f3riumi tagok d\u00f6nt\u00e9se alapj\u00e1n sok olyan \u00e9lm\u00e9nyekben gazdag programot, tanulm\u00e1nyi kir\u00e1ndul\u00e1st, t\u00e1boroz\u00e1st\u00a0(Budapest: Parlamenti l\u00e1togat\u00e1s; tanulm\u00e1nyi kir\u00e1ndul\u00e1sok nevezetes t\u00f6rt\u00e9nelmi helyekre: Sopron, K\u0151szeg, Tihany, P\u00e1pa, P\u00e9cs; kultur\u00e1lis \u00e9s sz\u00f3rakoztat\u00f3 programok: Advent Budapesten; sz\u00ednh\u00e1zl\u00e1togat\u00e1sok: Zalaegerszeg, Szombathely, 3 D-s mozil\u00e1togat\u00e1s). T\u00f6bb alkalommal is r\u00e9szt vehettek gyermekeink az alap\u00edtv\u00e1ny j\u00f3volt\u00e1b\u00f3l Szombathelyen a kutat\u00f3k \u00e9jszak\u00e1j\u00e1n, valamint kipr\u00f3b\u00e1lhatt\u00e1k a Csodaszarvas T\u00e1jpark\u00a0\u00e9lm\u00e9nyt ny\u00fajt\u00f3 j\u00e1t\u00e9kait.<\/li>\n<li>2011-ben a volt tan\u00e1ri \u00e9s igazgat\u00f3i irod\u00e1k egybenyit\u00e1s\u00e1b\u00f3l egy \u00faj tanterem ker\u00fclt kialak\u00edt\u00e1sra. A teljes beruh\u00e1z\u00e1si k\u00f6lts\u00e9g\u00e9t, 760.000 Ft\u00a0\u00f6sszeget az alap\u00edtv\u00e1ny fizette.<\/li>\n<li>2015-ben a KLIK 900 ezer Ft-ot adott a rendk\u00edv\u00fcl rossz \u00e1llapotban l\u00e9v\u0151 fi\u00fa vizesblokk fel\u00faj\u00edt\u00e1s\u00e1ra.<br \/>\nA beruh\u00e1z\u00e1s 1.620.688 Ft-ba\u00a0ker\u00fclt. Az alap\u00edtv\u00e1ny 420 ezer Ft t\u00e1mogat\u00e1st biztos\u00edtott.<\/li>\n<\/ul>\n<p style=\"text-align: justify;\"><strong>A kurat\u00f3rium nev\u00e9ben megk\u00f6sz\u00f6n\u00f6m mindazoknak, akik ad\u00f3juk 1 %-val t\u00e1mogattak benn\u00fcnket, hiszen mindannyian ak\u00e1r sz\u00fcl\u0151, ak\u00e1r pedag\u00f3gus a j\u00f6v\u0151 nemzed\u00e9k\u00e9\u00e9rt dolgozunk.\u00a0<\/strong><\/p>\n<p style=\"text-align: justify;\"><strong>Ad\u00f3sz\u00e1munk: 18889899-1-18<\/strong><\/p>\n<p style=\"text-align: justify;\"><strong>Sz\u00edvesen fogadunk t\u00e1mogat\u00e1st a 72100433-10000317-00000000 sz\u00e1m\u00fa banksz\u00e1ml\u00e1ra (SAVARIA Takar\u00e9ksz\u00f6vetkezet Cs\u00f6r\u00f6tneki Kirendelts\u00e9ge).<\/strong><\/p>\n<p style=\"text-align: justify;\">K\u00f6sz\u00f6nettel vessz\u00fck, ha alap\u00edtv\u00e1nyunk c\u00e9ljainak el\u00e9r\u00e9s\u00e9t felaj\u00e1nl\u00e1s\u00e1val t\u00e1mogatja!<\/p>\n<p style=\"text-align: right;\"><strong><em>Dancsecs J\u00f3zsefn\u00e9<\/em><\/strong><br \/>\nkurat\u00f3riumi eln\u00f6k<br \/>\n\u201eEgy\u00fctt a Gyermekek\u00e9rt\u201d K\u00f6zalap\u00edtv\u00e1ny<\/p>\n<\/div>\n","protected":false},"excerpt":{"rendered":"<p>A Magyarlak-Cs\u00f6r\u00f6tnek \u00c1ltal\u00e1nos Iskol\u00e1ja alap\u00edtv\u00e1ny\u00e1t 1999-ben Cs\u00f6r\u00f6tnek \u00e9s Magyarlak K\u00f6zs\u00e9gek \u00d6nkorm\u00e1nyzata hozta l\u00e9tre.\u00a0 A k\u00f6zalap\u00edtv\u00e1ny az\u00f3ta folyamatosan m\u0171k\u00f6dik az alap\u00edt\u00f3 okirat c\u00e9ljainak megfelel\u0151en.\u00a0 Kiemelt c\u00e9lja az oktat\u00e1s felt\u00e9teleinek jav\u00edt\u00e1sa, az oktat\u00f3-nevel\u0151 munka<a class=\"moretag\" href=\"https:\/\/altisk-mlak.edu.hu\/index.php\/alapitvanyunk\/\">Read More&#8230;<\/a><\/p>\n","protected":false},"author":1,"featured_media":0,"parent":0,"menu_order":0,"comment_status":"closed","ping_status":"closed","template":"","meta":{"two_page_speed":[],"footnotes":""},"class_list":["post-117","page","type-page","status-publish","hentry"],"_links":{"self":[{"href":"https:\/\/altisk-mlak.edu.hu\/index.php\/wp-json\/wp\/v2\/pages\/117","targetHints":{"allow":["GET"]}}],"collection":[{"href":"https:\/\/altisk-mlak.edu.hu\/index.php\/wp-json\/wp\/v2\/pages"}],"about":[{"href":"https:\/\/altisk-mlak.edu.hu\/index.php\/wp-json\/wp\/v2\/types\/page"}],"author":[{"embeddable":true,"href":"https:\/\/altisk-mlak.edu.hu\/index.php\/wp-json\/wp\/v2\/users\/1"}],"replies":[{"embeddable":true,"href":"https:\/\/altisk-mlak.edu.hu\/index.php\/wp-json\/wp\/v2\/comments?post=117"}],"version-history":[{"count":2,"href":"https:\/\/altisk-mlak.edu.hu\/index.php\/wp-json\/wp\/v2\/pages\/117\/revisions"}],"predecessor-version":[{"id":208,"href":"https:\/\/altisk-mlak.edu.hu\/index.php\/wp-json\/wp\/v2\/pages\/117\/revisions\/208"}],"wp:attachment":[{"href":"https:\/\/altisk-mlak.edu.hu\/index.php\/wp-json\/wp\/v2\/media?parent=117"}],"curies":[{"name":"wp","href":"https:\/\/api.w.org\/{rel}","templated":true}]}}

Alapítványunk

<div class="article-body">
<p style="text-align: justify;">A Magyarlak-Csörötnek Általános Iskolája alapítványát 1999-ben Csörötnek és Magyarlak Községek Önkormányzata hozta létre.  A közalapítvány azóta folyamatosan működik az alapító okirat céljainak megfelelően.  Kiemelt célja az oktatás feltételeinek javítása, az oktató-nevelő munka támogatása és a jó eredményt elérő tanulók jutalmazása.</p>
<p style="text-align: justify;"><span style="text-decoration: underline;">Az elmúlt időszakban:</span></p>
<ul style="text-align: justify;">
<li>évente sor került a jeles és kitűnő tanulók teljesítményének jutalomkönyvvel való elismerésére,</li>
<li>a 8. osztályt végzettek középiskolai beiskolázási támogatására az iskolavezetés ajánlása alapján,</li>
<li>támogatott az alapítvány a kuratóriumi tagok döntése alapján sok olyan élményekben gazdag programot, tanulmányi kirándulást, táborozást (Budapest: Parlamenti látogatás; tanulmányi kirándulások nevezetes történelmi helyekre: Sopron, Kőszeg, Tihany, Pápa, Pécs; kulturális és szórakoztató programok: Advent Budapesten; színházlátogatások: Zalaegerszeg, Szombathely, 3 D-s mozilátogatás). Több alkalommal is részt vehettek gyermekeink az alapítvány jóvoltából Szombathelyen a kutatók éjszakáján, valamint kipróbálhatták a Csodaszarvas Tájpark élményt nyújtó játékait.</li>
<li>2011-ben a volt tanári és igazgatói irodák egybenyitásából egy új tanterem került kialakításra. A teljes beruházási költségét, 760.000 Ft összeget az alapítvány fizette.</li>
<li>2015-ben a KLIK 900 ezer Ft-ot adott a rendkívül rossz állapotban lévő fiú vizesblokk felújítására.<br />
A beruházás 1.620.688 Ft-ba került. Az alapítvány 420 ezer Ft támogatást biztosított.</li>
</ul>
<p style="text-align: justify;"><strong>A kuratórium nevében megköszönöm mindazoknak, akik adójuk 1 %-val támogattak bennünket, hiszen mindannyian akár szülő, akár pedagógus a jövő nemzedékéért dolgozunk. </strong></p>
<p style="text-align: justify;"><strong>Adószámunk: 18889899-1-18</strong></p>
<p style="text-align: justify;"><strong>Szívesen fogadunk támogatást a 72100433-10000317-00000000 számú bankszámlára (SAVARIA Takarékszövetkezet Csörötneki Kirendeltsége).</strong></p>
<p style="text-align: justify;">Köszönettel vesszük, ha alapítványunk céljainak elérését felajánlásával támogatja!</p>
<p style="text-align: right;"><strong><em>Dancsecs Józsefné</em></strong><br />
kuratóriumi elnök<br />
„Együtt a Gyermekekért” Közalapítvány</p>
</div>

<p>A Magyarlak-Csörötnek Általános Iskolája alapítványát 1999-ben Csörötnek és Magyarlak Községek Önkormányzata hozta létre.  A közalapítvány azóta folyamatosan működik az alapító okirat céljainak megfelelően.  Kiemelt célja az oktatás feltételeinek javítása, az oktató-nevelő munka<a class="moretag" href="https://altisk-mlak.edu.hu/index.php/alapitvanyunk/">Read More&#8230;</a></p>
