{"id":303,"date":"2018-02-07T19:17:00","date_gmt":"2018-02-07T19:17:00","guid":{"rendered":"http:\/\/altisk-mlak.sulinet.hu\/?page_id=303"},"modified":"2018-02-07T19:18:29","modified_gmt":"2018-02-07T19:18:29","slug":"tantargyvalasztas","status":"publish","type":"page","link":"https:\/\/altisk-mlak.edu.hu\/index.php\/tantargyvalasztas\/","title":{"rendered":"Tant\u00e1rgyv\u00e1laszt\u00e1s"},"content":{"rendered":"<ol>\n<li style=\"text-align: justify;\">Az iskola igazgat\u00f3ja minden tan\u00e9v \u00e1prilis\u00e1ban az oszt\u00e1lyf\u0151n\u00f6k\u00f6k k\u00f6zrem\u0171k\u00f6d\u00e9s\u00e9vel \u00e9rtes\u00edti a sz\u00fcl\u0151ket \u00e9s a tanul\u00f3kat a k\u00f6vetkez\u0151 tan\u00e9vben v\u00e1laszthat\u00f3 tant\u00e1rgyakr\u00f3l, az azt tan\u00edt\u00f3 nevel\u0151kr\u0151l.<\/li>\n<li style=\"text-align: justify;\">Kiskor\u00fa tanul\u00f3 eset\u00e9n a sz\u00fcl\u0151, a tizennegyedik \u00e9let\u00e9v\u00e9t bet\u00f6lt\u00f6tt tanul\u00f3 eset\u00e9n a sz\u00fcl\u0151 \u00e9s a tanul\u00f3 k\u00f6z\u00f6sen minden \u00e9v m\u00e1jus 20-ig \u00edr\u00e1sban adhatja le a tant\u00e1rgyv\u00e1laszt\u00e1ssal kapcsolatos d\u00f6nt\u00e9s\u00e9t az oszt\u00e1lyf\u0151n\u00f6knek.<\/li>\n<li style=\"text-align: justify;\">A sz\u00fcl\u0151, illetve a sz\u00fcl\u0151 \u00e9s a tanul\u00f3 az adott tan\u00e9v kezdet\u00e9ig az igazgat\u00f3 enged\u00e9ly\u00e9vel \u00edr\u00e1sban m\u00f3dos\u00edthatja a tant\u00e1rgyv\u00e1laszt\u00e1ssal kapcsolatos d\u00f6nt\u00e9s\u00e9t.<\/li>\n<li style=\"text-align: justify;\">Az iskol\u00e1ba \u00fajonnan beiratkoz\u00f3 tanul\u00f3 eset\u00e9ben a sz\u00fcl\u0151, illetve a sz\u00fcl\u0151 \u00e9s a tanul\u00f3 a beiratkoz\u00e1skor \u00edr\u00e1sban adhatja le a tant\u00e1rgyv\u00e1laszt\u00e1ssal kapcsolatos d\u00f6nt\u00e9s\u00e9t az iskola igazgat\u00f3j\u00e1nak.<\/li>\n<\/ol>\n","protected":false},"excerpt":{"rendered":"<p>Az iskola igazgat\u00f3ja minden tan\u00e9v \u00e1prilis\u00e1ban az oszt\u00e1lyf\u0151n\u00f6k\u00f6k k\u00f6zrem\u0171k\u00f6d\u00e9s\u00e9vel \u00e9rtes\u00edti a sz\u00fcl\u0151ket \u00e9s a tanul\u00f3kat a k\u00f6vetkez\u0151 tan\u00e9vben v\u00e1laszthat\u00f3 tant\u00e1rgyakr\u00f3l, az azt tan\u00edt\u00f3 nevel\u0151kr\u0151l. Kiskor\u00fa tanul\u00f3 eset\u00e9n a sz\u00fcl\u0151, a tizennegyedik \u00e9let\u00e9v\u00e9t<a class=\"moretag\" href=\"https:\/\/altisk-mlak.edu.hu\/index.php\/tantargyvalasztas\/\">Read More&#8230;<\/a><\/p>\n","protected":false},"author":1,"featured_media":0,"parent":0,"menu_order":0,"comment_status":"closed","ping_status":"closed","template":"","meta":{"two_page_speed":[],"footnotes":""},"class_list":["post-303","page","type-page","status-publish","hentry"],"_links":{"self":[{"href":"https:\/\/altisk-mlak.edu.hu\/index.php\/wp-json\/wp\/v2\/pages\/303","targetHints":{"allow":["GET"]}}],"collection":[{"href":"https:\/\/altisk-mlak.edu.hu\/index.php\/wp-json\/wp\/v2\/pages"}],"about":[{"href":"https:\/\/altisk-mlak.edu.hu\/index.php\/wp-json\/wp\/v2\/types\/page"}],"author":[{"embeddable":true,"href":"https:\/\/altisk-mlak.edu.hu\/index.php\/wp-json\/wp\/v2\/users\/1"}],"replies":[{"embeddable":true,"href":"https:\/\/altisk-mlak.edu.hu\/index.php\/wp-json\/wp\/v2\/comments?post=303"}],"version-history":[{"count":3,"href":"https:\/\/altisk-mlak.edu.hu\/index.php\/wp-json\/wp\/v2\/pages\/303\/revisions"}],"predecessor-version":[{"id":308,"href":"https:\/\/altisk-mlak.edu.hu\/index.php\/wp-json\/wp\/v2\/pages\/303\/revisions\/308"}],"wp:attachment":[{"href":"https:\/\/altisk-mlak.edu.hu\/index.php\/wp-json\/wp\/v2\/media?parent=303"}],"curies":[{"name":"wp","href":"https:\/\/api.w.org\/{rel}","templated":true}]}}

Tantárgyválasztás

<ol>
<li style="text-align: justify;">Az iskola igazgatója minden tanév áprilisában az osztályfőnökök közreműködésével értesíti a szülőket és a tanulókat a következő tanévben választható tantárgyakról, az azt tanító nevelőkről.</li>
<li style="text-align: justify;">Kiskorú tanuló esetén a szülő, a tizennegyedik életévét betöltött tanuló esetén a szülő és a tanuló közösen minden év május 20-ig írásban adhatja le a tantárgyválasztással kapcsolatos döntését az osztályfőnöknek.</li>
<li style="text-align: justify;">A szülő, illetve a szülő és a tanuló az adott tanév kezdetéig az igazgató engedélyével írásban módosíthatja a tantárgyválasztással kapcsolatos döntését.</li>
<li style="text-align: justify;">Az iskolába újonnan beiratkozó tanuló esetében a szülő, illetve a szülő és a tanuló a beiratkozáskor írásban adhatja le a tantárgyválasztással kapcsolatos döntését az iskola igazgatójának.</li>
</ol>

<p>Az iskola igazgatója minden tanév áprilisában az osztályfőnökök közreműködésével értesíti a szülőket és a tanulókat a következő tanévben választható tantárgyakról, az azt tanító nevelőkről. Kiskorú tanuló esetén a szülő, a tizennegyedik életévét<a class="moretag" href="https://altisk-mlak.edu.hu/index.php/tantargyvalasztas/">Read More&#8230;</a></p>
