{"id":341,"date":"2018-02-11T20:37:44","date_gmt":"2018-02-11T20:37:44","guid":{"rendered":"http:\/\/altisk-mlak.sulinet.hu\/?page_id=341"},"modified":"2021-06-02T22:19:46","modified_gmt":"2021-06-02T22:19:46","slug":"kozzeteteli-lista","status":"publish","type":"page","link":"https:\/\/altisk-mlak.edu.hu\/index.php\/kozzeteteli-lista\/","title":{"rendered":"K\u00f6zz\u00e9t\u00e9teli lista"},"content":{"rendered":"<ol>\n<li><a href=\"http:\/\/altisk-mlak.sulinet.hu\/wp-content\/uploads\/2018\/02\/Pedag%C3%B3gusok-iskolai-v%C3%A9gzetts%C3%A9ge.pdf\">A pedag\u00f3gusok iskolai v\u00e9gzetts\u00e9ge \u00e9s szakk\u00e9pzetts\u00e9ge<\/a><br \/>\nA nevel\u0151 \u00e9s oktat\u00f3 munk\u00e1t seg\u00edt\u0151k sz\u00e1ma, feladatk\u00f6re, iskolai v\u00e9gzetts\u00e9ge \u00e9s szakk\u00e9pzetts\u00e9ge<\/li>\n<li><a href=\"http:\/\/altisk-mlak.sulinet.hu\/wp-content\/uploads\/2018\/02\/Kompetenciam%C3%A9r%C3%A9s-eredm%C3%A9nyei.pdf\">Az orsz\u00e1gos m\u00e9r\u00e9s-\u00e9rt\u00e9kel\u00e9s \u00e9venk\u00e9nti eredm\u00e9nyei<\/a><\/li>\n<li>A tanul\u00f3k le- \u00e9s kimarad\u00e1s\u00e1val, \u00e9vfolyamism\u00e9tl\u00e9s\u00e9vel kapcsolatos adatokat<\/li>\n<li><a href=\"http:\/\/altisk-mlak.sulinet.hu\/index.php\/egyeb-foglalkozasok\/\">A tan\u00f3r\u00e1n k\u00edv\u00fcli egy\u00e9b foglalkoz\u00e1sok ig\u00e9nybev\u00e9tel\u00e9nek lehet\u0151s\u00e9ge<\/a><\/li>\n<li><a href=\"http:\/\/altisk-mlak.sulinet.hu\/wp-content\/uploads\/2018\/02\/H%C3%A1zi-feladatok-szab%C3%A1lyai.pdf\">A h\u00e9tv\u00e9gi h\u00e1zi feladatok \u00e9s az iskolai dolgozatok szab\u00e1lyai<\/a><\/li>\n<li><a href=\"http:\/\/altisk-mlak.sulinet.hu\/wp-content\/uploads\/2018\/02\/Vizsgaid%C5%91szakok.pdf\">Vizsgaszab\u00e1lyzat<\/a><\/li>\n<li><a href=\"http:\/\/altisk-mlak.sulinet.hu\/index.php\/osztalyletszamok\/\">Iskolai oszt\u00e1lyok sz\u00e1ma, \u00e9s az egyes oszt\u00e1lyokban tanul\u00f3k l\u00e9tsz\u00e1ma<\/a><\/li>\n<li><a href=\"http:\/\/altisk-mlak.sulinet.hu\/index.php\/tanev-programja\/\">Tan\u00e9v helyi rendje &#8211; 2017\/2018-es tan\u00e9v<\/a><\/li>\n<li><a href=\"http:\/\/altisk-mlak.sulinet.hu\/wp-content\/uploads\/2018\/02\/Felv%C3%A9teli-lehet%C5%91s%C3%A9gekr%C5%91l-sz%C3%B3l%C3%B3-t%C3%A1j%C3%A9koztat%C3%B3.pdf\">A beiratkoz\u00e1sra meghat\u00e1rozott id\u0151, a fenntart\u00f3 \u00e1ltal enged\u00e9lyezett oszt\u00e1lyok, csoportok sz\u00e1ma<\/a><\/li>\n<li>A pedag\u00f3giai-szakmai ellen\u0151rz\u00e9s meg\u00e1llap\u00edt\u00e1sai a szem\u00e9lyes adatok v\u00e9delm\u00e9re vonatkoz\u00f3 jogszab\u00e1lyok megtart\u00e1s\u00e1val<\/li>\n<li>A fenntart\u00f3 nevel\u00e9si-oktat\u00e1si int\u00e9zm\u00e9ny munk\u00e1j\u00e1val \u00f6sszef\u00fcgg\u0151 \u00e9rt\u00e9kel\u00e9s\u00e9nek nyilv\u00e1nos meg\u00e1llap\u00edt\u00e1sai \u00e9s ideje, a k\u00f6znevel\u00e9si alapfeladattal kapcsolatos \u2013 nyilv\u00e1nos meg\u00e1llap\u00edt\u00e1sokat tartalmaz\u00f3 \u2013 vizsg\u00e1latok, ellen\u0151rz\u00e9sek felsorol\u00e1sa, ideje, az \u00c1llami Sz\u00e1mvev\u0151sz\u00e9k ellen\u0151rz\u00e9seinek nyilv\u00e1nos meg\u00e1llap\u00edt\u00e1sai, egy\u00e9b ellen\u0151rz\u00e9sek, vizsg\u00e1latok nyilv\u00e1nos meg\u00e1llap\u00edt\u00e1sai<\/li>\n<li>A t\u00e9r\u00edt\u00e9si d\u00edj, egy\u00e9b d\u00edjfizet\u00e9si k\u00f6telezetts\u00e9gi jogc\u00edme \u00e9s m\u00e9rt\u00e9ke<\/li>\n<li><a href=\"http:\/\/altisk-mlak.sulinet.hu\/wp-content\/uploads\/2018\/02\/SZMSZ.pdf\">Szervezeti m\u0171k\u00f6d\u00e9si szab\u00e1lyzat<\/a><\/li>\n<li><a href=\"http:\/\/altisk-mlak.sulinet.hu\/wp-content\/uploads\/2018\/02\/H%C3%81ZIREND.pdf\">H\u00e1zirend<\/a><\/li>\n<li>Pedag\u00f3giai program<\/li>\n<li>Idegen nyelvi m\u00e9r\u00e9s eredm\u00e9nyei &#8211; 2021: <a href=\"https:\/\/altisk-mlak.edu.hu\/wp-content\/uploads\/2021\/05\/Idegen-nyelvi-meres-eredmenyei-honlap-6.xlsx\" target=\"_blank\" rel=\"noopener\">6. \u00e9vfolyam<\/a> \/ <a href=\"https:\/\/altisk-mlak.edu.hu\/wp-content\/uploads\/2021\/05\/Idegen-nyelvi-meres-eredmenyei-honlap-8.xlsx\" target=\"_blank\" rel=\"noopener\">8. \u00e9vfolyam<\/a><\/li>\n<\/ol>\n","protected":false},"excerpt":{"rendered":"<p>A pedag\u00f3gusok iskolai v\u00e9gzetts\u00e9ge \u00e9s szakk\u00e9pzetts\u00e9ge A nevel\u0151 \u00e9s oktat\u00f3 munk\u00e1t seg\u00edt\u0151k sz\u00e1ma, feladatk\u00f6re, iskolai v\u00e9gzetts\u00e9ge \u00e9s szakk\u00e9pzetts\u00e9ge Az orsz\u00e1gos m\u00e9r\u00e9s-\u00e9rt\u00e9kel\u00e9s \u00e9venk\u00e9nti eredm\u00e9nyei A tanul\u00f3k le- \u00e9s kimarad\u00e1s\u00e1val, \u00e9vfolyamism\u00e9tl\u00e9s\u00e9vel kapcsolatos adatokat A<a class=\"moretag\" href=\"https:\/\/altisk-mlak.edu.hu\/index.php\/kozzeteteli-lista\/\">Read More&#8230;<\/a><\/p>\n","protected":false},"author":1,"featured_media":0,"parent":0,"menu_order":0,"comment_status":"closed","ping_status":"closed","template":"","meta":{"two_page_speed":[],"footnotes":""},"class_list":["post-341","page","type-page","status-publish","hentry"],"_links":{"self":[{"href":"https:\/\/altisk-mlak.edu.hu\/index.php\/wp-json\/wp\/v2\/pages\/341","targetHints":{"allow":["GET"]}}],"collection":[{"href":"https:\/\/altisk-mlak.edu.hu\/index.php\/wp-json\/wp\/v2\/pages"}],"about":[{"href":"https:\/\/altisk-mlak.edu.hu\/index.php\/wp-json\/wp\/v2\/types\/page"}],"author":[{"embeddable":true,"href":"https:\/\/altisk-mlak.edu.hu\/index.php\/wp-json\/wp\/v2\/users\/1"}],"replies":[{"embeddable":true,"href":"https:\/\/altisk-mlak.edu.hu\/index.php\/wp-json\/wp\/v2\/comments?post=341"}],"version-history":[{"count":7,"href":"https:\/\/altisk-mlak.edu.hu\/index.php\/wp-json\/wp\/v2\/pages\/341\/revisions"}],"predecessor-version":[{"id":776,"href":"https:\/\/altisk-mlak.edu.hu\/index.php\/wp-json\/wp\/v2\/pages\/341\/revisions\/776"}],"wp:attachment":[{"href":"https:\/\/altisk-mlak.edu.hu\/index.php\/wp-json\/wp\/v2\/media?parent=341"}],"curies":[{"name":"wp","href":"https:\/\/api.w.org\/{rel}","templated":true}]}}

Közzétételi lista

<ol>
<li><a href="http://altisk-mlak.sulinet.hu/wp-content/uploads/2018/02/Pedag%C3%B3gusok-iskolai-v%C3%A9gzetts%C3%A9ge.pdf">A pedagógusok iskolai végzettsége és szakképzettsége</a><br />
A nevelő és oktató munkát segítők száma, feladatköre, iskolai végzettsége és szakképzettsége</li>
<li><a href="http://altisk-mlak.sulinet.hu/wp-content/uploads/2018/02/Kompetenciam%C3%A9r%C3%A9s-eredm%C3%A9nyei.pdf">Az országos mérés-értékelés évenkénti eredményei</a></li>
<li>A tanulók le- és kimaradásával, évfolyamismétlésével kapcsolatos adatokat</li>
<li><a href="http://altisk-mlak.sulinet.hu/index.php/egyeb-foglalkozasok/">A tanórán kívüli egyéb foglalkozások igénybevételének lehetősége</a></li>
<li><a href="http://altisk-mlak.sulinet.hu/wp-content/uploads/2018/02/H%C3%A1zi-feladatok-szab%C3%A1lyai.pdf">A hétvégi házi feladatok és az iskolai dolgozatok szabályai</a></li>
<li><a href="http://altisk-mlak.sulinet.hu/wp-content/uploads/2018/02/Vizsgaid%C5%91szakok.pdf">Vizsgaszabályzat</a></li>
<li><a href="http://altisk-mlak.sulinet.hu/index.php/osztalyletszamok/">Iskolai osztályok száma, és az egyes osztályokban tanulók létszáma</a></li>
<li><a href="http://altisk-mlak.sulinet.hu/index.php/tanev-programja/">Tanév helyi rendje &#8211; 2017/2018-es tanév</a></li>
<li><a href="http://altisk-mlak.sulinet.hu/wp-content/uploads/2018/02/Felv%C3%A9teli-lehet%C5%91s%C3%A9gekr%C5%91l-sz%C3%B3l%C3%B3-t%C3%A1j%C3%A9koztat%C3%B3.pdf">A beiratkozásra meghatározott idő, a fenntartó által engedélyezett osztályok, csoportok száma</a></li>
<li>A pedagógiai-szakmai ellenőrzés megállapításai a személyes adatok védelmére vonatkozó jogszabályok megtartásával</li>
<li>A fenntartó nevelési-oktatási intézmény munkájával összefüggő értékelésének nyilvános megállapításai és ideje, a köznevelési alapfeladattal kapcsolatos – nyilvános megállapításokat tartalmazó – vizsgálatok, ellenőrzések felsorolása, ideje, az Állami Számvevőszék ellenőrzéseinek nyilvános megállapításai, egyéb ellenőrzések, vizsgálatok nyilvános megállapításai</li>
<li>A térítési díj, egyéb díjfizetési kötelezettségi jogcíme és mértéke</li>
<li><a href="http://altisk-mlak.sulinet.hu/wp-content/uploads/2018/02/SZMSZ.pdf">Szervezeti működési szabályzat</a></li>
<li><a href="http://altisk-mlak.sulinet.hu/wp-content/uploads/2018/02/H%C3%81ZIREND.pdf">Házirend</a></li>
<li>Pedagógiai program</li>
<li>Idegen nyelvi mérés eredményei &#8211; 2021: <a href="https://altisk-mlak.edu.hu/wp-content/uploads/2021/05/Idegen-nyelvi-meres-eredmenyei-honlap-6.xlsx" target="_blank" rel="noopener">6. évfolyam</a> / <a href="https://altisk-mlak.edu.hu/wp-content/uploads/2021/05/Idegen-nyelvi-meres-eredmenyei-honlap-8.xlsx" target="_blank" rel="noopener">8. évfolyam</a></li>
</ol>

<p>A pedagógusok iskolai végzettsége és szakképzettsége A nevelő és oktató munkát segítők száma, feladatköre, iskolai végzettsége és szakképzettsége Az országos mérés-értékelés évenkénti eredményei A tanulók le- és kimaradásával, évfolyamismétlésével kapcsolatos adatokat A<a class="moretag" href="https://altisk-mlak.edu.hu/index.php/kozzeteteli-lista/">Read More&#8230;</a></p>
