{"id":95,"date":"2018-01-15T14:01:16","date_gmt":"2018-01-15T14:01:16","guid":{"rendered":"http:\/\/127.0.0.1\/altisk\/?page_id=95"},"modified":"2024-11-13T13:41:54","modified_gmt":"2024-11-13T13:41:54","slug":"hireink","status":"publish","type":"page","link":"https:\/\/altisk-mlak.edu.hu\/index.php\/hireink\/","title":{"rendered":"K\u00f6sz\u00f6nt\u0151"},"content":{"rendered":"<p id=\"docs-internal-guid-b0517a59-7fff-f367-cdcb-12f297bf26a4\" dir=\"ltr\" style=\"line-height: 1.3800000000000001; text-align: center; margin-top: 0pt; margin-bottom: 10pt;\">Tisztelt \u00c9rdekl\u0151d\u0151!<\/p>\n<p dir=\"ltr\" style=\"line-height: 1.7999999999999998; text-align: justify; margin-top: 0pt; margin-bottom: 0pt;\"><img decoding=\"async\" class=\"alignleft\" src=\"https:\/\/altisk-mlak.edu.hu\/wp-content\/uploads\/2022\/04\/intvez.png\" alt=\"\" width=\"110\" height=\"185\" \/>Szeretettel k\u00f6sz\u00f6nt\u00f6m a Szent Gotth\u00e1rd \u00c1ltal\u00e1nos Iskola \u00e9s Gimn\u00e1zium Magyarlak-Cs\u00f6r\u00f6tnek \u00c1ltal\u00e1nos Iskol\u00e1ja honlapj\u00e1n. Iskol\u00e1nk Vas megy\u00e9ben, Szentgotth\u00e1rd vonz\u00e1sk\u00f6rzet\u00e9ben, a R\u00e1ba foly\u00f3 mellett tal\u00e1lhat\u00f3. 2021. szeptember 1-j\u00e9t\u0151l a Szombathelyi Egyh\u00e1zmegye gyakorolja a fenntart\u00f3i jogokat.<\/p>\n<p dir=\"ltr\" style=\"line-height: 1.7999999999999998; text-align: justify; margin-top: 0pt; margin-bottom: 0pt;\">Iskol\u00e1nk nyolc \u00e9vfolyamos katolikus szellemis\u00e9g\u0171 int\u00e9zm\u00e9ny. A pedag\u00f3giai munka a gyermekk\u00f6zpont\u00fas\u00e1gra \u00e9p\u00fcl. Kis l\u00e9tsz\u00e1m\u00fa oszt\u00e1lyokban, csal\u00e1dias l\u00e9gk\u00f6rben v\u00e9gezz\u00fck oktat\u00f3-nevel\u0151 tev\u00e9kenys\u00e9g\u00fcnket. Elk\u00f6telezett, tapasztalt pedag\u00f3gusokb\u00f3l \u00e9s hitoktat\u00f3kb\u00f3l \u00e1ll\u00f3 nevel\u0151test\u00fclettel b\u00edrunk.<\/p>\n<p dir=\"ltr\" style=\"line-height: 1.7999999999999998; text-align: justify; margin-top: 0pt; margin-bottom: 0pt;\">Egyh\u00e1zi iskol\u00e1nk a szaktud\u00e1s mellett kereszt\u00e9ny vil\u00e1gn\u00e9zetet, erk\u00f6lcsi tart\u00e1st is ad. Szeretetre, nagylelk\u0171s\u00e9gre, becs\u00fcletess\u00e9gre, hitre nevel\u00fcnk. C\u00e9lunk, hogy tanul\u00f3ink szeretetteljes l\u00e9gk\u00f6rben bontakoztathass\u00e1k ki k\u00e9pess\u00e9geiket. \u00d6r\u00f6k\u00f6s \u00f6koiskolak\u00e9nt nagy hangs\u00falyt helyez\u00fcnk a gyakorlatias k\u00f6rnyezeti nevel\u00e9sre. Ebben a sz\u00e9p \u00e9s felel\u0151ss\u00e9gteljes munk\u00e1ban sok t\u00e1mogat\u00f3 partnerre sz\u00e1m\u00edthatunk. Fontos sz\u00e1munkra egy\u00e9ni arculatunk meg\u0151rz\u00e9se \u00e9s hagyom\u00e1nyaink \u00e1pol\u00e1sa is.<\/p>\n<p dir=\"ltr\" style=\"line-height: 1.7999999999999998; text-align: justify; margin-top: 0pt; margin-bottom: 0pt;\">Rem\u00e9lem, hogy \u00e9rdekl\u0151d\u00e9s\u00e9t felkeltettem \u00e9s b\u0151vebben is szeretne megismerkedni honlapunkon \u00e1t vel\u00fcnk, mindennapjainkkal.<\/p>\n<p dir=\"ltr\" style=\"line-height: 1.3800000000000001; text-align: justify; margin-top: 0pt; margin-bottom: 0pt;\">\n<p dir=\"ltr\" style=\"line-height: 1.3800000000000001; text-align: justify; margin-top: 0pt; margin-bottom: 10pt;\">\u00a0\u00a0\u00a0 \u00a0\u00a0\u00a0 \u00a0\u00a0\u00a0 \u00a0\u00a0\u00a0 Szeretettel:<\/p>\n<p dir=\"ltr\" style=\"line-height: 1.38; margin-top: 0pt; margin-bottom: 10pt; text-align: center;\">Mezein\u00e9 Kiss Katalin Melinda<\/p>\n<p dir=\"ltr\" style=\"line-height: 1.2; margin-top: 0pt; margin-bottom: 0pt; text-align: center;\">tagint\u00e9zm\u00e9ny-vezet\u0151<\/p>\n<p dir=\"ltr\" style=\"line-height: 1.38; margin-top: 0pt; margin-bottom: 0pt; text-align: center;\">\n","protected":false},"excerpt":{"rendered":"<p>Tisztelt \u00c9rdekl\u0151d\u0151! Szeretettel k\u00f6sz\u00f6nt\u00f6m a Szent Gotth\u00e1rd \u00c1ltal\u00e1nos Iskola \u00e9s Gimn\u00e1zium Magyarlak-Cs\u00f6r\u00f6tnek \u00c1ltal\u00e1nos Iskol\u00e1ja honlapj\u00e1n. Iskol\u00e1nk Vas megy\u00e9ben, Szentgotth\u00e1rd vonz\u00e1sk\u00f6rzet\u00e9ben, a R\u00e1ba foly\u00f3 mellett tal\u00e1lhat\u00f3. 2021. szeptember 1-j\u00e9t\u0151l a Szombathelyi Egyh\u00e1zmegye gyakorolja<a class=\"moretag\" href=\"https:\/\/altisk-mlak.edu.hu\/index.php\/hireink\/\">Read More&#8230;<\/a><\/p>\n","protected":false},"author":1,"featured_media":0,"parent":0,"menu_order":0,"comment_status":"closed","ping_status":"closed","template":"","meta":{"two_page_speed":[],"footnotes":""},"class_list":["post-95","page","type-page","status-publish","hentry"],"_links":{"self":[{"href":"https:\/\/altisk-mlak.edu.hu\/index.php\/wp-json\/wp\/v2\/pages\/95","targetHints":{"allow":["GET"]}}],"collection":[{"href":"https:\/\/altisk-mlak.edu.hu\/index.php\/wp-json\/wp\/v2\/pages"}],"about":[{"href":"https:\/\/altisk-mlak.edu.hu\/index.php\/wp-json\/wp\/v2\/types\/page"}],"author":[{"embeddable":true,"href":"https:\/\/altisk-mlak.edu.hu\/index.php\/wp-json\/wp\/v2\/users\/1"}],"replies":[{"embeddable":true,"href":"https:\/\/altisk-mlak.edu.hu\/index.php\/wp-json\/wp\/v2\/comments?post=95"}],"version-history":[{"count":9,"href":"https:\/\/altisk-mlak.edu.hu\/index.php\/wp-json\/wp\/v2\/pages\/95\/revisions"}],"predecessor-version":[{"id":2694,"href":"https:\/\/altisk-mlak.edu.hu\/index.php\/wp-json\/wp\/v2\/pages\/95\/revisions\/2694"}],"wp:attachment":[{"href":"https:\/\/altisk-mlak.edu.hu\/index.php\/wp-json\/wp\/v2\/media?parent=95"}],"curies":[{"name":"wp","href":"https:\/\/api.w.org\/{rel}","templated":true}]}}

Köszöntő

<p id="docs-internal-guid-b0517a59-7fff-f367-cdcb-12f297bf26a4" dir="ltr" style="line-height: 1.3800000000000001; text-align: center; margin-top: 0pt; margin-bottom: 10pt;">Tisztelt Érdeklődő!</p>
<p dir="ltr" style="line-height: 1.7999999999999998; text-align: justify; margin-top: 0pt; margin-bottom: 0pt;"><img decoding="async" class="alignleft" src="https://altisk-mlak.edu.hu/wp-content/uploads/2022/04/intvez.png" alt="" width="110" height="185" />Szeretettel köszöntöm a Szent Gotthárd Általános Iskola és Gimnázium Magyarlak-Csörötnek Általános Iskolája honlapján. Iskolánk Vas megyében, Szentgotthárd vonzáskörzetében, a Rába folyó mellett található. 2021. szeptember 1-jétől a Szombathelyi Egyházmegye gyakorolja a fenntartói jogokat.</p>
<p dir="ltr" style="line-height: 1.7999999999999998; text-align: justify; margin-top: 0pt; margin-bottom: 0pt;">Iskolánk nyolc évfolyamos katolikus szellemiségű intézmény. A pedagógiai munka a gyermekközpontúságra épül. Kis létszámú osztályokban, családias légkörben végezzük oktató-nevelő tevékenységünket. Elkötelezett, tapasztalt pedagógusokból és hitoktatókból álló nevelőtestülettel bírunk.</p>
<p dir="ltr" style="line-height: 1.7999999999999998; text-align: justify; margin-top: 0pt; margin-bottom: 0pt;">Egyházi iskolánk a szaktudás mellett keresztény világnézetet, erkölcsi tartást is ad. Szeretetre, nagylelkűségre, becsületességre, hitre nevelünk. Célunk, hogy tanulóink szeretetteljes légkörben bontakoztathassák ki képességeiket. Örökös ökoiskolaként nagy hangsúlyt helyezünk a gyakorlatias környezeti nevelésre. Ebben a szép és felelősségteljes munkában sok támogató partnerre számíthatunk. Fontos számunkra egyéni arculatunk megőrzése és hagyományaink ápolása is.</p>
<p dir="ltr" style="line-height: 1.7999999999999998; text-align: justify; margin-top: 0pt; margin-bottom: 0pt;">Remélem, hogy érdeklődését felkeltettem és bővebben is szeretne megismerkedni honlapunkon át velünk, mindennapjainkkal.</p>
<p dir="ltr" style="line-height: 1.3800000000000001; text-align: justify; margin-top: 0pt; margin-bottom: 0pt;">
<p dir="ltr" style="line-height: 1.3800000000000001; text-align: justify; margin-top: 0pt; margin-bottom: 10pt;">                Szeretettel:</p>
<p dir="ltr" style="line-height: 1.38; margin-top: 0pt; margin-bottom: 10pt; text-align: center;">Mezeiné Kiss Katalin Melinda</p>
<p dir="ltr" style="line-height: 1.2; margin-top: 0pt; margin-bottom: 0pt; text-align: center;">tagintézmény-vezető</p>
<p dir="ltr" style="line-height: 1.38; margin-top: 0pt; margin-bottom: 0pt; text-align: center;">

<p>Tisztelt Érdeklődő! Szeretettel köszöntöm a Szent Gotthárd Általános Iskola és Gimnázium Magyarlak-Csörötnek Általános Iskolája honlapján. Iskolánk Vas megyében, Szentgotthárd vonzáskörzetében, a Rába folyó mellett található. 2021. szeptember 1-jétől a Szombathelyi Egyházmegye gyakorolja<a class="moretag" href="https://altisk-mlak.edu.hu/index.php/hireink/">Read More&#8230;</a></p>
